
Is 1613528465 prime?
False
Is 97075451 composite?
True
Is 18424121 a prime number?
True
Is 104043769 a prime number?
True
Is 2165011 a prime number?
False
Is 2966843 composite?
True
Is 52495109 a composite number?
False
Is 2160409 prime?
True
Is 122726569 a prime number?
False
Is 2021001 a prime number?
False
Is 4905253 composite?
False
Is 4417121 prime?
True
Is 122489023 a composite number?
False
Is 18417857 a prime number?
True
Is 33832649 prime?
False
Is 348474331 a prime number?
True
Is 2534417 a prime number?
False
Is 709837 composite?
True
Is 118660271 a composite number?
True
Is 363689301 prime?
False
Is 88003453 a prime number?
True
Is 7334177 a prime number?
False
Is 2188765 prime?
False
Is 161404367 a composite number?
False
Is 16873867 a composite number?
False
Is 95523581 a prime number?
False
Is 604091 a composite number?
True
Is 29046005 prime?
False
Is 484469 a prime number?
False
Is 277842827 a prime number?
True
Is 72762359 composite?
False
Is 416936194 a prime number?
False
Is 463461 a prime number?
False
Is 17167597 composite?
True
Is 2056093 prime?
False
Is 3702406 composite?
True
Is 10095131 a prime number?
True
Is 4051667 prime?
True
Is 16984609 composite?
True
Is 2636327 a prime number?
False
Is 80650411 a composite number?
False
Is 34934111 prime?
True
Is 6769547 prime?
True
Is 119425607 composite?
True
Is 2520761 a prime number?
False
Is 17183899 composite?
True
Is 6759119 a prime number?
True
Is 2603353 composite?
False
Is 242536699 composite?
False
Is 39398783 prime?
True
Is 417754 composite?
True
Is 128542907 a composite number?
False
Is 12313897 a composite number?
True
Is 334576565 composite?
True
Is 1268207 a composite number?
False
Is 378222659 a composite number?
False
Is 4644569 a prime number?
False
Is 3707707 a prime number?
False
Is 85042817 a composite number?
False
Is 959449 composite?
False
Is 7204051 a composite number?
False
Is 14948731 composite?
True
Is 51883921 a prime number?
False
Is 409014167 a prime number?
True
Is 8257451 a composite number?
False
Is 717031 a composite number?
True
Is 176312887 composite?
False
Is 88175049 prime?
False
Is 83072107 composite?
True
Is 14344223 composite?
False
Is 102397 a composite number?
False
Is 49863007 a prime number?
True
Is 11744779 composite?
False
Is 36935963 prime?
False
Is 407373899 a composite number?
False
Is 502738631 prime?
True
Is 223421441 prime?
True
Is 108526699 prime?
False
Is 20701403 prime?
False
Is 29922107 composite?
False
Is 47526047 a composite number?
False
Is 12695309 composite?
True
Is 120127421 a composite number?
True
Is 1607399 a prime number?
True
Is 14259293 composite?
False
Is 5118767 composite?
False
Is 432583 a composite number?
True
Is 425977723 a prime number?
False
Is 8321873 composite?
True
Is 51442043 a prime number?
True
Is 13249207 prime?
False
Is 24312031 prime?
True
Is 71342899 prime?
False
Is 841637 composite?
False
Is 126784243 a composite number?
True
Is 147906347 a prime number?
True
Is 1073263 prime?
True
Is 21493127 composite?
False
Is 53202881 a prime number?
False
Is 22953562 a prime number?
False
Is 4516549 prime?
False
Is 2447479 composite?
False
Is 22197101 a prime number?
True
Is 1308695 a prime number?
False
Is 13259243 composite?
False
Is 6117998 composite?
True
Is 814367 composite?
False
Is 31243601 a prime number?
True
Is 9329737 composite?
True
Is 1383863 a composite number?
True
Is 23440021 a prime number?
False
Is 219313945 composite?
True
Is 6221029 composite?
True
Is 363852461 a prime number?
False
Is 2961839 composite?
False
Is 263723 a composite number?
False
Is 177043 a composite number?
False
Is 1650697 a prime number?
False
Is 2051897 a composite number?
True
Is 5974511 prime?
True
Is 4665253 a composite number?
True
Is 8030966 a composite number?
True
Is 17921887 prime?
False
Is 158917 a composite number?
True
Is 446869 prime?
False
Is 676211 a prime number?
True
Is 18723227 composite?
True
Is 212771497 composite?
True
Is 464517689 a prime number?
False
Is 38432987 composite?
True
Is 236377 a composite number?
False
Is 41783363 prime?
True
Is 1567241051 a prime number?
True
Is 690412661 a composite number?
False
Is 1064520941 a prime number?
False
Is 12424943 composite?
True
Is 32972867 prime?
True
Is 258374849 composite?
False
Is 498585671 composite?
False
Is 6514537 composite?
False
Is 62011639 composite?
True
Is 528213913 a composite number?
False
Is 74513289 a prime number?
False
Is 266605553 prime?
True
Is 94675073 prime?
True
Is 179785861 a prime number?
False
Is 679725833 prime?
False
Is 15065617 composite?
True
Is 138230353 prime?
False
Is 30588851 a composite number?
False
Is 48241846 prime?
False
Is 85110317 prime?
True
Is 8858533 prime?
False
Is 44467279 a prime number?
True
Is 432338021 a prime number?
False
Is 3418885 a composite number?
True
Is 45074567 composite?
False
Is 120044363 a composite number?
True
Is 45462211 a composite number?
False
Is 188925137 prime?
True
Is 596833847 prime?
True
Is 450615497 a prime number?
False
Is 301451 prime?
False
Is 5117309 a composite number?
True
Is 1835599 prime?
False
Is 1624078897 a prime number?
False
Is 129815843 composite?
False
Is 171024041 a composite number?
False
Is 21703093 a composite number?
False
Is 8233739 composite?
False
Is 1112381 composite?
False
Is 1822207 prime?
True
Is 35716607 prime?
True
Is 41884189 prime?
False
Is 63212047 composite?
False
Is 37293953 a prime number?
True
Is 989071 composite?
False
Is 55970077 a prime number?
True
Is 1951223 a composite number?
False
Is 3950599 a composite number?
False
Is 25349573 prime?
False
Is 35441309 a composite number?
False
Is 47876281 composite?
False
Is 9268702 composite?
True
Is 3576223 composite?
True
Is 84048707 composite?
True
Is 194293691 a prime number?
True
Is 110659127 composite?
False
Is 148331 a prime number?
True
Is 6722285 a composite number?
True
Is 4962469 a prime number?
True
Is 3360131 prime?
False
Is 800953 prime?
True
Is 86883541 prime?
False
Is 164026615 a composite number?
True
Is 16873039 prime?
True
Is 38316347 composite?
True
Is 28725181 composite?
False
Is 15291811 a prime number?
False
Is 7206223 a prime number?
True
Is 34367939 a prime number?
True
Is 20191987 composite?
False
Is 10899103 composite?
True
Is 221553341 a prime number?
True
Is 446545643 a composite number?
True
Is 1401167 a composite number?
False
Is 3818179 a composite number?
False
Is 135455 a prime number?
False
Is 4183727 prime?
True
Is 3443411 a prime number?
True
Is 426331 a composite number?
False
Is 41232199 a composite number?
False
Is 256014289 composite?
False
Is 1477027 a prime number?
True
Is 81983105 a prime number?
False
Is 3546923 a composite number?
True
Is 100009211 a composite number?
True
Is 2315947 composite?
False
Is 1264709 a composite number?
True
Is 664271 a composite number?
False
Is 4428361 composite?
True
Is 34263035 composite?
True
Is 7758785 a prime number?
False
Is 404565583 a prime number?
True
Is 87974987 composite?
True
Is 5760923 composite?
True
Is 141061 composite?
False
Is 13426133 a prime number?
False
Is 3749939 a prime number?
True
Is 17911151 composite?
True
Is 33647213 composite?
True
Is 465979 composite?
True
Is 7287493 prime?
True
Is 8571113 prime?
True
Is 33604873 a composite number?
False
Is 31100257 prime?
False
Is 249414143 a composite number?
True
Is 4779443 a composite number?
False
Is 49234553 a prime number?
True
Is 1794179 a composite number?
False
Is 96751227 prime?
False
Is 29977853 composite?
False
Is 5160179 a prime number?
True
Is 32116291 a composite number?
True
Is 5900461 prime?
False
Is 2485243 prime?
True
Is 3978443 prime?
False
Is 16427597 prime?
True
Is 5680631 composite?
True
Is 3107563 composite?
True
Is 129039497 a composite number?
False
Is 8454743 a prime number?
False
Is 28146935 a prime number?
False
Is 3499607 composite?
False
Is 40944341 prime?
True
Is 2427293 a composite number?
True
Is 187807121 prime?
False
Is 224695697 prime?
True
Is 10212107 a prime number?
False
Is 80010267 a composite number?
True
Is 9180859 a composite number?
False
Is 382088249 prime?
True
Is 499229 a composite number?
False
Is 37614046 a prime number?
False
Is 921133 prime?
True
Is 2347669 prime?
False
Is 1687489 a prime numbe